 divided by c(-44)?
9
Let z(a) = -19*a - 117. Let n(v) = -6*v - 73. Let k be n(-11). Calculate the remainder when (-2)/5 + 312/5 is divided by z(k).
14
Suppose -2*w - 5*v = -4*w + 86, -5*w = -3*v - 253. What is the remainder when (8/(-6))/((-24)/2754) is divided by w?
47
Let g be (108/3)/((-9)/(-12)). Suppose 12 - g = -2*d. Suppose 2*r - 251 + 17 = -4*b, 5*r = 2*b + 621. Calculate the remainder when r is divided by d.
15
Suppose 0 = a + 4, -2*m = -5*a - 18 - 154. Calculate the remainder when 162 is divided by m.
10
Let u(g) = g**3 + 18*g**2 - 53*g + 248. What is the remainder when 2468 is divided by u(-21)?
36
Suppose -14*n - 552 = -37*n. Calculate the remainder when 263 is divided by n.
23
Let u(y) = -112*y - 5010. Calculate the remainder when u(-46) is divided by 46.
4
Suppose -33*l - 2055 = 10*l - 9795. Calculate the remainder when 874 is divided by l.
154
What is the remainder when 40/30*9/12*109 is divided by 2 - 5*20/(-5)?
21
Let w(l) = l**2 + 10*l + 7. Let i be w(-8). Let d = 10 + i. What is the remainder when 35 is divided by -3*1*190/(-30) - d?
17
Suppose 9 = -3*k, 15 = 4*v + k - 218. Let y be (189/15)/(9/(-30)). Let i = y - -62. What is the remainder when v is divided by i?
19
Let p(o) = -21*o + 3. Suppose 24 = -c - 3*i + 61, 37 = c - 4*i. Calculate the remainder when p(-5) is divided by c.
34
What is the remainder when ((217 - -2) + 3)*1 is divided by 6/(14*(-6)/(-798))?
51
Let x(s) = 7 - 2*s + 3 + 1 - 1. Let p = -55 - -50. Calculate the remainder when x(p) is divided by 7.
6
Suppose 0 = -53*u + 49*u + 508. Calculate the remainder when 394 is divided by u.
13
Let o = -12 + 128. Let w(q) = 224*q - 1761. What is the remainder when o is divided by w(8)?
23
Suppose 0 = -75*z + 71200 + 20675. Calculate the remainder when z is divided by 29.
7
Let k = -154 + 101. Let o = k - -54. Calculate the remainder when 160 is divided by (0/2 + o)/(2/82).
37
Let j = -218 - -632. Let q = -341 + j. Calculate the remainder when q is divided by 31.
11
Let m = 54 - 50. Suppose m*i + 4 = 364. Calculate the remainder when i/(-4)*(-56)/10 is divided by 32.
30
Let r = 38 + -36. Suppose -r*j + 20 - 2 = 0. Suppose 27 = -6*v + j*v. Calculate the remainder when v is divided by 5.
4
Let q(u) = u**3 + 22*u**2 - 18*u + 28. Let r be q(-23). Let p = -75 - r. Calculate the remainder when (13/3)/((-2)/p*-1) is divided by 9.
8
Suppose 2*u + 716 = j, 17*u + 1793 = 12*u + 4*j. Let b = u + 408. Calculate the remainder when b is divided by 31.
20
Suppose -6*p - 25 + 91 = 0. Let i(h) = -h + 16. Let c be i(p). Suppose 1649 = c*r + 514. What is the remainder when r is divided by 23?
20
Let x be (-4)/(-6) + 1 + (-43)/(-3). Suppose x*g + 6 = 19*g. Suppose 0*m + 4 = m - d, -g*m + 8 = d. What is the remainder when 14 is divided by m?
2
Let i(b) = -52*b - 1. Let w(m) = -m + 7. Let k be w(13). Let s(y) = -17*y + 209. What is the remainder when i(k) is divided by s(10)?
38
Let w = -2742 + 2767. What is the remainder when 544 is divided by w?
19
Let k(w) = 2*w**3 - 18*w**2 - 19*w - 75. Let l(c) = c**3 - 9*c**2 - 10*c - 38. Let i(a) = -2*k(a) + 5*l(a). What is the remainder when i(11) is divided by 25?
20
Suppose -11*i - 4*m = -13*i + 1662, 0 = -6*i - 2*m + 4902. Calculate the remainder when i is divided by 8.
3
Let v = -16 - -30. Calculate the remainder when v is divided by ((-24)/(-10))/(78/260).
6
Suppose 10*w + 25 = 225. Suppose -14 = 14*a - 15*a. Suppose -7*h + a = -525. What is the remainder when h is divided by w?
17
Suppose 12962*m - 8 = 12960*m. What is the remainder when 928 is divided by m?
0
Suppose 46*s + 35557 = 83*s. Calculate the remainder when s is divided by 9.
7
What is the remainder when 183 is divided by 4 + 1232/21 + (-2)/3?
59
Suppose -244*p + 295862 + 680626 = 0. Calculate the remainder when p is divided by 15.
12
Let o be (1 + -12)*1088/(-32). Let w = o - 304. What is the remainder when w is divided by 24?
22
Suppose 5*m = 363 + 252. Suppose 4*p + 4*z + 69 - 213 = 0, 4*p - 2*z = 138. Calculate the remainder when m is divided by p.
18
Let a(g) = 67 + 4*g - 2*g - 4*g**3 - 63 - g**2. Calculate the remainder when 33 is divided by a(-2).
5
Let a = -4 + 190. Suppose -5*b + a = -f, -4*b + 5*f = f - 152. What is the remainder when ((-3)/3)/(2/(-218)) is divided by b?
35
Suppose 7*j - 209 = 57. Let m = -5 + 128. Let k = 27 + m. What is the remainder when k is divided by j?
36
Suppose -2*i - 3*w + 5*w + 100 = 0, 4 = 2*w. Suppose -108 = -5*z + i. Calculate the remainder when 16/6*((-137)/(-4) - -1) is divided by z.
30
Let c(l) = -3*l - 10. Suppose 0*o = -2*o - 12. What is the remainder when (-18 - (-30)/(-6))*(-4)/4 is divided by c(o)?
7
Let o(l) = -163*l - 1950. What is the remainder when 436 is divided by o(-12)?
4
Suppose -24*t + 23*t + 4 = 0, -t - 90 = -x. Suppose x = 14*w - 4. Calculate the remainder when 32 is divided by w.
4
Suppose -87*v - 9 = -90*v. Suppose -6*z + v*z = -144. Calculate the remainder when (-736)/6*z/(-32) is divided by 37.
36
Suppose -8*z - 841 + 1393 = 0. Calculate the remainder when z is divided by 2.
1
Let h be (-9)/(-15) - 303/5. Let f = 44 + h. What is the remainder when 63 is divided by (-32)/(-5)*(-40)/f?
15
Suppose 0 = 4*f + 4 - 0. Let z = 45915 + -45823. What is the remainder when z is divided by 16 + f/(-2)*0?
12
Let s be ((-6)/(-10))/(1/5). Suppose 0 = 11*v - 13 + 13. Suppose v = k + 4*k - 10, 25 = s*r - k. What is the remainder when 17 is divided by r?
8
Calculate the remainder when 586 is divided by (10/(20/(-63)))/(6/(-16)).
82
Let g(p) = -p. Let s(n) = 2*n + 7. Let j(f) = 4*g(f) + s(f). Let d(k) = k**2 + k + 25. Calculate the remainder when d(0) is divided by j(-5).
8
Let s(x) = 41*x - 60. Let b be s(5). Suppose b*p = 143*p + 40. Calculate the remainder when 659 is divided by p.
19
What is the remainder when 330 is divided by 701/7 - (-7)/(-49)?
30
Suppose -g = -2*c + 3*g + 408, 0 = -3*c - g + 640. What is the remainder when c is divided by (16 - (7 + 17))/((-1)/3)?
20
Let x = 26 + -22. Let u(k) = k - 1. Let r be u(x). Suppose 3*g + 250 = 2*i - g, 2*g + 383 = r*i. Calculate the remainder when i is divided by 26.
25
Let t = -359 - -514. Suppose 2*o - 1175 + t = 0. Suppose 10 = -10*a + o. Calculate the remainder when a is divided by 26.
24
Let b(l) = -l**2 - 14*l - 43. Let p be b(-6). What is the remainder when 6/33 + ((-36765)/(-33))/p is divided by 45?
43
Let t(f) = 42*f**2 - 4*f + 2. Let d be t(3). Let n = -131 + d. Suppose p - 56 = 4*x - 2*x, -2*p - x = -92. Calculate the remainder when n is divided by p.
45
Suppose a = -113*g + 105*g + 40307, 3*g = 2*a + 15108. Calculate the remainder when g is divided by 210.
208
Let u(i) be the second derivative of -i**3/6 + 13*i**2/2 + 28*i. Suppose -15 = 4*b + 9. What is the remainder when 93 is divided by u(b)?
17
Let r = -74824 - -74843. Let p(f) = f**3 + f**2 + f + 5. Suppose 2*k - k = 0. What is the remainder when r is divided by p(k)?
4
Let w(k) be the first derivative of k**4/4 - 17*k**3/3 + 14*k**2 + 38*k + 53. Calculate the remainder when w(16) is divided by 29.
27
Let r(b) = -b**2 - 8*b - 9. Let j be r(-6). What is the remainder when 64/j - (-12)/(-36) is divided by 9?
3
Suppose 181 = 4*z + 65. Suppose n = 4*c - c + 216, -4*c = 3*n - 700. Suppose -4*o + 2*o + n = 0. Calculate the remainder when o is divided by z.
27
Let v(n) = n**3 + 2*n**2 + 2*n. Let q(a) = 2*a**3 + 49*a**2 - 77*a + 45. Let w(f) = q(f) - 3*v(f). Calculate the remainder when 22 is divided by w(41).
2
Suppose -2*c - 12 = -5*c. Suppose 7 + 13 = c*r. Calculate the remainder when (0 - 30/9)/(10/(-36)) is divided by r.
2
Let s(n) = 0*n + 2*n - 2102*n**2 + 2233*n**2. Let c be s(1). Suppose -3*q - d = -c, -4*q + d = 2*d - 176. Calculate the remainder when q is divided by 16.
11
Let o be (9 + -3)*(-11)/(-6). Suppose o*v - 40 = 7*v. Suppose 0 = -14*j - 7*j + 399. What is the remainder when j is divided by v?
9
What is the remainder when 74/3071 - (-2320146)/1494 is divided by 45?
23
Suppose 1764*f + 15691 - 2619 = 1936*f. Suppose g - 13 = 2*s + 5, -5*g + s = -54. What is the remainder when f is divided by g?
6
Let s(w) = 2*w - 92. Let v be s(22). Let i = -35 - v. Suppose 4*b - 48 = -3*g + 248, 2*g - 377 = -5*b. What is the remainder when b is divided by i?
12
Let c(w) = 6*w**2 - 6*w - 45. Calculate the remainder when 373 